{"id":2095,"date":"2026-02-14T10:20:41","date_gmt":"2026-02-14T09:20:41","guid":{"rendered":"https:\/\/musique-loisir.fr\/staging\/?page_id=2095"},"modified":"2026-03-13T13:25:06","modified_gmt":"2026-03-13T12:25:06","slug":"reservation-des-salles","status":"publish","type":"page","link":"https:\/\/musique-loisir.fr\/staging\/reservation-des-salles\/","title":{"rendered":"R\u00e9servation des salles"},"content":{"rendered":"<p>[et_pb_section fb_built=\u00a0\u00bb1&Prime; _builder_version=\u00a0\u00bb4.27.6&Prime; _module_preset=\u00a0\u00bbdefault\u00a0\u00bb background_color=\u00a0\u00bb#7880AC\u00a0\u00bb global_colors_info=\u00a0\u00bb{}\u00a0\u00bb][et_pb_row _builder_version=\u00a0\u00bb4.27.5&Prime; _module_preset=\u00a0\u00bbdefault\u00a0\u00bb global_colors_info=\u00a0\u00bb{}\u00a0\u00bb][et_pb_column type=\u00a0\u00bb4_4&Prime; _builder_version=\u00a0\u00bb4.27.5&Prime; _module_preset=\u00a0\u00bbdefault\u00a0\u00bb global_colors_info=\u00a0\u00bb{}\u00a0\u00bb][et_pb_heading title=\u00a0\u00bbR\u00e9servation des salles\u00a0\u00bb _builder_version=\u00a0\u00bb4.27.5&Prime; _module_preset=\u00a0\u00bbdefault\u00a0\u00bb title_text_color=\u00a0\u00bb#DE8D4E\u00a0\u00bb global_colors_info=\u00a0\u00bb{}\u00a0\u00bb][\/et_pb_heading][et_pb_text _builder_version=\u00a0\u00bb4.27.5&Prime; _module_preset=\u00a0\u00bbdefault\u00a0\u00bb global_colors_info=\u00a0\u00bb{}\u00a0\u00bb]<\/p>\n<p>Chaque adh\u00e9rent dispose d&rsquo;une tranche horaire de 3H00 par semaine pour son groupe.<br \/><strong>Seuls les adh\u00e9rents peuvent acc\u00e9der aux calendriers en ligne<\/strong>.<\/p>\n<p><a href=\"https:\/\/musique-loisir.fr\/staging\/wp-content\/uploads\/2026\/02\/planning.png\"><img loading=\"lazy\" decoding=\"async\" src=\"https:\/\/musique-loisir.fr\/staging\/wp-content\/uploads\/2026\/02\/planning-300x282.png\" width=\"300\" height=\"282\" alt=\"\" class=\"wp-image-2145 aligncenter size-medium\" \/><\/a><\/p>\n<p>[\/et_pb_text][\/et_pb_column][\/et_pb_row][et_pb_row _builder_version=\u00a0\u00bb4.27.5&Prime; _module_preset=\u00a0\u00bbdefault\u00a0\u00bb width=\u00a0\u00bb95%\u00a0\u00bb max_width=\u00a0\u00bb100%\u00a0\u00bb hover_enabled=\u00a0\u00bb0&Prime; global_colors_info=\u00a0\u00bb{}\u00a0\u00bb sticky_enabled=\u00a0\u00bb0&Prime;][et_pb_column type=\u00a0\u00bb4_4&Prime; _builder_version=\u00a0\u00bb4.27.5&Prime; _module_preset=\u00a0\u00bbdefault\u00a0\u00bb global_colors_info=\u00a0\u00bb{}\u00a0\u00bb][et_pb_code _builder_version=\u00a0\u00bb4.27.5&Prime; _module_preset=\u00a0\u00bbdefault\u00a0\u00bb hover_enabled=\u00a0\u00bb0&Prime; global_colors_info=\u00a0\u00bb{}\u00a0\u00bb sticky_enabled=\u00a0\u00bb0&Prime;]<\/p>\n<h1 align=\"center\"><strong>Salle Bashung et Gr\u00e9co<\/strong><\/h1>\n<p><!-- [et_pb_line_break_holder] --><pee><iframe loading=\"lazy\" src=\"https:\/\/musique-loisir.fr\/wp-grr\/app.php?p=semaine_all&#038;area=4\" width=\"100%\" height=\"1000\" frameborder=\"0\" allowfullscreen=\"allowfullscreen\"><\/iframe><\/pee><!-- [et_pb_line_break_holder] --><\/p>\n<h1 align=\"center\"><strong>Salle Ferrat, Piaf (Cours et Bagad) et Kerlaouen (Cours, r\u00e9unions et Bagad)<\/strong><!\u2013- [et_pb_br_holder] -\u2013><iframe loading=\"lazy\" src=\"https:\/\/musique-loisir.fr\/wp-grr\/app.php?p=semaine_all&#038;area=5\" width=\"100%\" height=\"1000\" frameborder=\"0\" allowfullscreen=\"allowfullscreen\"><\/iframe><\/h1>\n<p>[\/et_pb_code][\/et_pb_column][\/et_pb_row][\/et_pb_section]<\/p>\n","protected":false},"excerpt":{"rendered":"<p>Chaque adh\u00e9rent dispose d&rsquo;une tranche horaire de 3H00 par semaine pour son groupe.Seuls les adh\u00e9rents peuvent acc\u00e9der aux calendriers en ligne.<\/p>\n","protected":false},"author":181,"featured_media":0,"parent":0,"menu_order":0,"comment_status":"closed","ping_status":"closed","template":"","meta":{"_et_pb_use_builder":"on","_et_pb_old_content":"","_et_gb_content_width":"","footnotes":""},"class_list":["post-2095","page","type-page","status-publish","hentry"],"_links":{"self":[{"href":"https:\/\/musique-loisir.fr\/staging\/wp-json\/wp\/v2\/pages\/2095","targetHints":{"allow":["GET"]}}],"collection":[{"href":"https:\/\/musique-loisir.fr\/staging\/wp-json\/wp\/v2\/pages"}],"about":[{"href":"https:\/\/musique-loisir.fr\/staging\/wp-json\/wp\/v2\/types\/page"}],"author":[{"embeddable":true,"href":"https:\/\/musique-loisir.fr\/staging\/wp-json\/wp\/v2\/users\/181"}],"replies":[{"embeddable":true,"href":"https:\/\/musique-loisir.fr\/staging\/wp-json\/wp\/v2\/comments?post=2095"}],"version-history":[{"count":8,"href":"https:\/\/musique-loisir.fr\/staging\/wp-json\/wp\/v2\/pages\/2095\/revisions"}],"predecessor-version":[{"id":2756,"href":"https:\/\/musique-loisir.fr\/staging\/wp-json\/wp\/v2\/pages\/2095\/revisions\/2756"}],"wp:attachment":[{"href":"https:\/\/musique-loisir.fr\/staging\/wp-json\/wp\/v2\/media?parent=2095"}],"curies":[{"name":"wp","href":"https:\/\/api.w.org\/{rel}","templated":true}]}}